e w(h).
-3
Let z(h) = 5*h + 11*h - 5*h - 9*h + 28*h + 5. Let y(t) = -26*t - 6. Let w(b) = 7*y(b) + 6*z(b). Give w(-8).
4
Let k(d) = -2*d - 4*d + 0*d - 10 + 4*d. Let p(w) = -w**3 - 45*w**2 - 85*w - 5. Let c be p(-2). Give k(c).
4
Let g be -1*9/(-2)*(-80)/(-15). Let j(f) = 2*f**2 - 48*f. Give j(g).
0
Let t(c) = -21*c + 30*c - 2 - 13*c. Suppose u + u - 50 = 0. Let h be (-3 - u/(-10))*4. Calculate t(h).
6
Let s be (-1)/(-2)*-1*-12. Let d be 16/(-12) - (-32)/s. Let r(v) = 3 - 2 + 3*v - 5*v + d*v. Calculate r(5).
11
Let j(q) = -q**2 - 8*q + 7. Let o(y) = y**2 + 8*y - 6. Let u(m) = -2*j(m) - 3*o(m). Suppose 175*s - 154*s + 37 = -110. Give u(s).
11
Let w(i) = 11*i**2 - i - 12. Let s be w(3). Let g be (-99)/(-165) - s/15. Let q(o) = -o - 12. Let k(y) = -y - 11. Let f(r) = 5*k(r) - 4*q(r). Determine f(g).
-2
Let l(h) be the first derivative of -2*h**2 - 92*h - 217. Give l(-25).
8
Suppose 3 = b - 65. Let y(w) = -140*w + b*w + 71*w. Calculate y(5).
-5
Let s(d) = d**3 - 9*d**2 + 9*d. Let x(n) = -n**3 + n**2 - n. Let q(j) = j**3 - 2*j**2 + j - 8. Let p(k) = -q(k) - 2*x(k). Let r be p(0). Calculate s(r).
8
Suppose -2*b = -5*h + 6, 5*h + 2 - 1 = 3*b. Let s(y) = -8*y - 94. Let q be s(-12). Let w(i) = -5*i**2 - 9*i + i**2 + 1 + 5*i**q. Give w(b).
-13
Let q(s) be the second derivative of -s**5/20 - s**4/4 + 2*s**3/3 + 4*s**2 + 913*s. Calculate q(-3).
-4
Let r be ((-18)/3)/(3/(-4)). Suppose o - 4*c = -19, 0 = -0*o - 3*o - c + r. Let s be 172/(-28) + o/7. Let n(j) = j**2 + 8*j + 7. What is n(s)?
-5
Let z(d) = -4*d + 1. Suppose 260 = -5*g + 3*n + 32, n - 226 = 5*g. Let m be 9/(3/g + 4/10). Let c = m - 26. Give z(c).
-3
Let a = -19649 + 19655. Let x(f) = 3*f**2 - 5*f + 2. Suppose l - 4*w + 21 = 0, 3*l + 21 = 3*w + 3. Let b(q) = q**2 + q. Let k(n) = l*x(n) + 2*b(n). Give k(a).
4
Suppose 2*q + 2*w = 10, 2*q = 5*w - 17 - 1. Let a(y) = -3*y + 1 + 5*y - 3*y - 3*y. What is a(q)?
-3
Let t be (-2)/(-7) - (-21)/(441/78). Suppose -3*p - t*y - 1 = 0, -p = 4*y - 34 + 45. Let x(h) = -h**2 + 5*h - 1. Determine x(p).
-1
Let l(h) = h**2 - 4*h - 84. Let j(q) = 2*q**2 + 34*q - 227. Let k be j(-22). Give l(k).
-7
Let x = -2578 + 2574. Let a(t) = t**2 - t - 5. Determine a(x).
15
Let k(y) = 3*y**2 + 16*y + 16. Suppose -l + 16*c = 18*c - 7, 4*c - 20 = 4*l. Determine k(l).
3
Suppose -9 = 2*q - 1. Let f(r) = -10*r + 44. Let a be f(4). Let g(v) = -v**3 - 4*v**2 + v**2 - 2 - 6*v + 2*v**2 - a*v**2. Give g(q).
6
Let o(s) be the second derivative of s**6/360 - s**5/20 + 5*s**3/6 + 3*s**2 - 25*s. Let p(k) be the second derivative of o(k). Give p(5).
-5
Let x(h) = -5*h**2 - h - 1. Let q(f) = 4*f - 73. Suppose 3*g + 36 = 5*g. Let m be q(g). What is x(m)?
-5
Let g = 21 + -26. Let l be (0 - (0 - 2)) + g. Let m be -1*(0 + l) - -3. Let h(n) = n**2 - 7*n - 1. Give h(m).
-7
Suppose -5*i = -14 - 6. Suppose 7*f = i*f + 6. Let h(q) = -43 + 8*q + 2*q**2 - f*q + 46. Calculate h(-4).
11
Let s be -2 - -9 - (15 + (6 - 22)). Let y(c) = -15*c + 124. Calculate y(s).
4
Let a be (-2)/(-6)*(-14 + (-1977 - 16)). Let l = -669 - a. Let d(g) = g**2 - g + 11. Give d(l).
11
Suppose -19*z + 15*z + 2*d + 22 = 0, 3*d + 18 = z. Let r(k) = 4 + 0 + k - 7 + 4. Determine r(z).
4
Let v be (0 + (-2 - -5) - -1) + 9. Let s(c) be the second derivative of -c**5/20 + c**4 + 13*c**3/6 - 148*c. Give s(v).
0
Let a(w) be the second derivative of w**4/6 + 7*w**3/2 - 13*w**2/2 - 1486*w. What is a(-11)?
-2
Let r(u) be the second derivative of u**4/12 - 11*u**3/3 + 59*u**2/2 + 3271*u. Calculate r(16).
-37
Let d be 20*(-1)/(-2) + -5. Let l(t) be the third derivative of 0*t - 1/120*t**6 + 0 + 3*t**2 - 1/4*t**4 + 2/15*t**d - 7/6*t**3. Determine l(7).
0
Let f(l) be the third derivative of 0*l + 13/24*l**4 + 27*l**2 + 0 + 0*l**3. Determine f(1).
13
Let v(h) = -h**2 - 12. Let x(d) be the second derivative of 4*d**3/3 + 44*d**2 + 3*d - 21. Let s be x(-11). Calculate v(s).
-12
Let x(u) = u**3 - 9*u**2 + 2. Let z(m) = -10*m - 57. Let w be z(-17). Let p = -104 + w. Determine x(p).
2
Let u(x) = x**2 - 11*x + 2. Let q be u(11). Suppose -1044 = -q*o - 10*o. Let b = 97 - o. Let v(t) = t**3 - 10*t**2 - t + 11. Calculate v(b).
1
Let g(q) = 3*q**3 + 2*q**2 - 3*q - 2. Let f(h) = 5*h + 73. Let j be 2/15 - (2 - 197/(-15)). Let p be f(j). What is g(p)?
-12
Let n(o) = -7*o**2 + 11*o + 22. Let f(s) = 45*s**2 - 68*s - 131. Let u(r) = -2*f(r) - 13*n(r). What is u(7)?
-24
Let w(u) be the second derivative of -u**5/20 - u**3/6 + 3*u**2/2 - 761*u. Calculate w(3).
-27
Let s(j) = -2*j - 3. Let i(m) = -7*m**2 - 7*m + 11 - 8 + 4 + 3*m**2. Let v be i(1). Calculate s(v).
5
Let b(x) be the second derivative of x**4/6 + 13*x**3/2 + 7*x**2 + x. Let d = 126775 - 126794. Determine b(d).
-5
Let v(u) = 28*u + 61. Let c(w) = -15*w - 31. Let q(s) = 5*c(s) + 3*v(s). Let m be q(-3). Let k(p) = 0*p**2 - p**2 + 1 + 0*p**3 + 3*p**3 + 6*p**3. Give k(m).
9
Let c(f) = -31*f + 41. Let l(q) = -37*q + 42. Let u(h) = -6*c(h) + 5*l(h). Let a be u(32). Let b(d) = -d**2 - 4*d + 1. What is b(a)?
1
Let w = 29827 - 29829. Let g(x) = -x**3 - 5*x**2 - 29*x - 52. Calculate g(w).
-6
Let w(a) = -11*a - 142. Suppose -5*f + 3*x - 75 = 0, -3*f = 140*x - 141*x + 41. Give w(f).
-10
Let m(k) = k**3 + 5*k**2 - 8*k - 4. Let g(y) = -3 - 5 - 14*y**2 + 12. Let r be g(-2). Let a be (-6)/8 - (-273)/r. What is m(a)?
8
Let j(k) = -k**2 + 5*k - 4 + 3*k + 3 + 4. Suppose -6426*z = -6424*z + 2 - 20. What is j(z)?
-6
Let k = 293 - 303. Let t be ((-5)/k)/((-4)/(-2 + 42)). Let w(s) = -s**3 - 7*s**2 - 6*s + 4. Give w(t).
-16
Let b = 15835 + -15829. Let x(o) = -16*o + 111. Calculate x(b).
15
Let h(u) be the third derivative of 1/120*u**6 + 0 + 0*u + 7/6*u**3 + 0*u**4 - 1/60*u**5 + 25*u**2. Suppose 0 = -8*i + 7*i. Determine h(i).
7
Let s(z) = -8*z + 39. Let r(i) = 3*i - 14. Let w(j) = 10*r(j) + 4*s(j). Give w(8).
0
Let z be ((-10)/(-40))/(2/8). Let a(j) = j**3 - 4*j**2 + j + 1. Let y be a(4). Let w(p) = -1 + y - 2 + 8*p**2 - 1 - 2*p. Calculate w(z).
7
Let d(n) = 6*n**3 - 14*n**2 + 9*n + 9. Let a(c) = c**3 - 2*c**2 + c + 1. Let h(q) = 7*a(q) - d(q). Let j = 20 + -17. Give h(j).
19
Let z(j) = -20*j - 3. Let k be 71/355 - 24/(-9)*6/(-5). What is z(k)?
57
Let r(l) = -l**3 - 3*l**2 - 7*l - 14. Suppose 0 = 2*o - 5*g - 24, -3*g = -216*o + 212*o + 6. Calculate r(o).
7
Let b(o) be the second derivative of -o**3/2 - 11*o**2 - 2*o + 1661. Determine b(-14).
20
Suppose -4*r = -i + 2*i, 2*i + 2*r - 12 = 0. Let g = -429 - -436. Let o(z) = 18*z - 6. Let p(m) = -5*m + 2. Let b(d) = g*p(d) + 2*o(d). Determine b(i).
10
Let l(c) = 2*c**2 - 1. Let z(j) be the first derivative of -10*j**3/3 - 9*j**2/2 + 3*j - 167. Let t(a) = 4*l(a) + z(a). Give t(-4).
3
Let s(u) be the second derivative of u**4/12 - 5*u**3/6 - u. Let i = 28 + -25. Calculate s(i).
-6
Suppose 288 = -4*n - 56. Let o = 86 + n. Let i(w) = -w - 5. Calculate i(o).
-5
Let t(v) = -v**2 - 32*v - 138. Let w be t(-27). Let o(i) = 6*i - 14. Let q(n) = -2*n + 5. Let m(d) = 4*o(d) + 11*q(d). What is m(w)?
-7
Let v be ((2/(-3))/2)/((-5)/(-90)). Let n(k) = -k**3 - 5*k**2 - 2*k - 52. Give n(v).
-4
Let q(j) be the third derivative of j**6/120 - 7*j**5/30 + j**4 + 4*j**3/3 + 2*j**2 - 169. Calculate q(12).
8
Let h(l) be the second derivative of -l**3/6 + 9*l**2 + l. Let y be (2 + 0)/((-13)/(-78)). Let m be h(y). Let j(f) = -f**2 + 6*f + 6. Determine j(m).
6
Let q(k) = -12*k**3 + k**2 + 4*k + 4. Let r be ((-2)/4)/(33/3432*26). Give q(r).
96
Let a(u) = -89*u - 1 - 12093*u**2 + 95*u + 12091*u**2. Give a(3).
-1
Let y(q) = 5*q**2 + 61*q - 30. Let g(r) = -r**2 - 15*r + 7. Let p(k) = 9*g(k) + 2*y(k). Let h be p(0). Let d(t) = -t**2 + t + 4. Give d(h).
-2
Let t(a) be the second derivative of 25*a**3/6 - 17*a**2/2 - 10*a - 33. Determine t(0).
-17
Suppose -3*x + x + 12 = 0. Let l(i) = -2*i + 3. Let z(a) = a. Let o(r) = -l(r) + 6*z(r). Let b(n) = 6*n - 2. Let d(u) = 7*b(u) - 5*o(u). Calculate d(x).
13
Let q = 196 + -187. Let w(h) = -41*h + 17*h + q*h + 14*h - 1. Give w(-2).
1
Let y(a) = a**2 - 5*a - 19. Let b = 2691 - 2695. Give y(b).
17
Let p(r) = -104*r + 47*r - 1 + 32*r. Let o = -4 + 8. Suppose o*h = 5*h - 1. Determine p(h).
-26
Suppose -13*g = -7*g - 18. Let w(t) = -6 + 35*t**2 + 75*t**3 - 73*t**g - 12 + 16*t. Give w(-17).
-1
Let a(n) be the third derivative of 0*n + 1/12*n**4 + 0 + 0*n**3 + 168*n**2. What is a(